{"id":30,"date":"2019-03-11T08:26:51","date_gmt":"2019-03-11T08:26:51","guid":{"rendered":"http:\/\/www.colormont.cz.uvirt75.active24.cz\/?page_id=30"},"modified":"2025-11-24T12:50:14","modified_gmt":"2025-11-24T12:50:14","slug":"kontakt","status":"publish","type":"page","link":"https:\/\/www.colormont.cz\/index.php\/kontakt\/","title":{"rendered":"Kontakt"},"content":{"rendered":"<p><img loading=\"lazy\" decoding=\"async\" class=\"alignnone size-medium wp-image-140\" src=\"http:\/\/www.colormont.cz\/wp-content\/uploads\/2019\/04\/logo-300x131.png\" alt=\"\" width=\"300\" height=\"131\" srcset=\"https:\/\/www.colormont.cz\/wp-content\/uploads\/2019\/04\/logo-300x131.png 300w, https:\/\/www.colormont.cz\/wp-content\/uploads\/2019\/04\/logo.png 397w\" sizes=\"auto, (max-width: 300px) 100vw, 300px\" \/><\/p>\n<div style=\"text-align: left;\" align=\"center\">\n<address><strong>\u010cajka Vladim\u00edr &#8211; jednatel<\/strong><\/address>\n<\/div>\n<address>D\u011btmarovice 1243<\/address>\n<address>735 71 D\u011btmarovice<\/address>\n<address>I\u010c: 25398261<\/address>\n<address>DI\u010c: CZ25398261<\/address>\n<div style=\"text-align: left;\" align=\"center\">\n<p>Tel:\u00a0 \u00a0 \u00a0 +420 591 102 606<br \/>\nMobil: +420 602 533 940<br \/>\nE-mail: colormont@colormont.cz<\/p>\n<hr \/>\n<p style=\"text-align: left;\" align=\"center\"><strong>Ing. Vladim\u00edr \u010cajka &#8211; obchodn\u00ed mana\u017eer<\/strong><\/p>\n<p>Mobil: +420 725 77 99 17<br \/>\nE-mail: cajka@colormont.cz<\/p>\n<\/div>\n<div style=\"text-align: left;\" align=\"center\">\n<hr \/>\n<p style=\"text-align: left;\" align=\"center\"><strong>Miroslav Mlkvik &#8211; vedouc\u00ed zak\u00e1zek<\/strong><\/p>\n<p>Mobil: +420 606 025 009<br \/>\nE-mail: mlkvik@colormont.cz<\/p>\n<div style=\"text-align: left;\" align=\"center\">\n<hr \/>\n<p style=\"text-align: left;\" align=\"center\"><strong>Ivo Jan\u00ed\u010dek &#8211; technik<\/strong><\/p>\n<\/div>\n<\/div>\n<p>Mobil: +420 602 469 769<br \/>\nE-mail: janicek@colormont.cz<\/p>\n<div style=\"text-align: left;\" align=\"center\">\n<address>\u00a0<\/address>\n<\/div>\n<p><iframe loading=\"lazy\" style=\"border: 0;\" src=\"https:\/\/www.google.com\/maps\/embed?pb=!1m18!1m12!1m3!1d2569.5584077753792!2d18.457533916047293!3d49.907093334246575!2m3!1f0!2f0!3f0!3m2!1i1024!2i768!4f13.1!3m3!1m2!1s0x4711568868b1ec99%3A0xd29fe4819cbfd2fe!2sColormont%2C+spol.+s+r.o.!5e0!3m2!1scs!2scz!4v1552293754336\" width=\"600\" height=\"450\" frameborder=\"0\" allowfullscreen=\"allowfullscreen\"><\/iframe><\/p>\n","protected":false},"excerpt":{"rendered":"<p>\u010cajka Vladim\u00edr &#8211; jednatel D\u011btmarovice 1243 735 71 D\u011btmarovice I\u010c: 25398261 DI\u010c: CZ25398261 Tel:\u00a0 \u00a0 \u00a0 +420 591 102 606 Mobil: +420 602 533 940 E-mail: colormont@colormont.cz Ing. Vladim\u00edr \u010cajka &#8211; obchodn\u00ed mana\u017eer Mobil: +420 725 77 99 17 E-mail:<\/p>\n","protected":false},"author":1,"featured_media":0,"parent":0,"menu_order":0,"comment_status":"closed","ping_status":"closed","template":"page-templates\/contact.php","meta":{"footnotes":""},"class_list":["post-30","page","type-page","status-publish","hentry"],"_links":{"self":[{"href":"https:\/\/www.colormont.cz\/index.php\/wp-json\/wp\/v2\/pages\/30","targetHints":{"allow":["GET"]}}],"collection":[{"href":"https:\/\/www.colormont.cz\/index.php\/wp-json\/wp\/v2\/pages"}],"about":[{"href":"https:\/\/www.colormont.cz\/index.php\/wp-json\/wp\/v2\/types\/page"}],"author":[{"embeddable":true,"href":"https:\/\/www.colormont.cz\/index.php\/wp-json\/wp\/v2\/users\/1"}],"replies":[{"embeddable":true,"href":"https:\/\/www.colormont.cz\/index.php\/wp-json\/wp\/v2\/comments?post=30"}],"version-history":[{"count":7,"href":"https:\/\/www.colormont.cz\/index.php\/wp-json\/wp\/v2\/pages\/30\/revisions"}],"predecessor-version":[{"id":160,"href":"https:\/\/www.colormont.cz\/index.php\/wp-json\/wp\/v2\/pages\/30\/revisions\/160"}],"wp:attachment":[{"href":"https:\/\/www.colormont.cz\/index.php\/wp-json\/wp\/v2\/media?parent=30"}],"curies":[{"name":"wp","href":"https:\/\/api.w.org\/{rel}","templated":true}]}}