{"id":139,"date":"2019-04-09T14:24:37","date_gmt":"2019-04-09T14:24:37","guid":{"rendered":"http:\/\/www.colormont.cz.uvirt75.active24.cz\/?page_id=139"},"modified":"2019-04-09T14:24:37","modified_gmt":"2019-04-09T14:24:37","slug":"o-nas","status":"publish","type":"page","link":"https:\/\/www.colormont.cz\/index.php\/o-nas\/","title":{"rendered":"O n\u00e1s"},"content":{"rendered":"<p>Jsme firma s dlouholet\u00fdmi zku\u0161enostmi v oblasti ochrany ocelov\u00fdch konstrukc\u00ed a technologie p\u0159ed nep\u0159\u00edzniv\u00fdmi vlivy pov\u011btrnostn\u00edch podm\u00ednek. Nab\u00edz\u00edme profesion\u00e1ln\u00ed \u0159e\u0161en\u00ed\u00a0 n\u00e1t\u011br\u016f, le\u0161en\u00e1\u0159sk\u00fdch a v\u00fd\u0161kov\u00fdch prac\u00ed, trysk\u00e1n\u00ed, hydro\u010di\u0161t\u011bn\u00ed, prac\u00ed ve zt\u00ed\u017een\u00e9m pracovn\u00edm prost\u0159ed\u00ed, p\u0159\u00edpravn\u00fdch a dokon\u010dovac\u00edch prac\u00ed pro stavby, z\u00e1me\u010dnick\u00fdch, bourac\u00edch i zednick\u00fdch prac\u00ed.<\/p>\n<p>Firma Colormont, spol. s r.o. p\u016fsob\u00ed na trhu \u010cesk\u00e9 republik ji\u017e od roku 1998. Dnes je to ji\u017e zn\u00e1m\u00ed a uzn\u00e1van\u00e1 firma s pevn\u00fdm z\u00e1zem\u00edm, kter\u00e1 m\u00e1 za sebou \u0159adu let \u00fasp\u011b\u0161n\u00e9 \u010dinnosti ve st\u00e1le n\u00e1ro\u010dn\u011bj\u0161\u00edm konkuren\u010dn\u00edm prost\u0159ed\u00ed.<\/p>\n<p>V\u011b\u0159\u00edme, \u017ee i Vy po prostudov\u00e1n\u00ed na\u0161\u00ed nab\u00eddky projev\u00edte z\u00e1jem o spolupr\u00e1ci s na\u0161\u00ed spole\u010dnost\u00ed a stanete se na\u0161\u00edm spokojen\u00fdm obchodn\u00edm partnerem.<\/p>\n<p><img loading=\"lazy\" decoding=\"async\" class=\"alignnone size-medium wp-image-140\" src=\"http:\/\/www.colormont.cz.uvirt75.active24.cz\/wp-content\/uploads\/2019\/04\/logo-300x131.png\" alt=\"\" width=\"300\" height=\"131\" srcset=\"https:\/\/www.colormont.cz\/wp-content\/uploads\/2019\/04\/logo-300x131.png 300w, https:\/\/www.colormont.cz\/wp-content\/uploads\/2019\/04\/logo.png 397w\" sizes=\"auto, (max-width: 300px) 100vw, 300px\" \/><\/p>\n","protected":false},"excerpt":{"rendered":"<p>Jsme firma s dlouholet\u00fdmi zku\u0161enostmi v oblasti ochrany ocelov\u00fdch konstrukc\u00ed a technologie p\u0159ed nep\u0159\u00edzniv\u00fdmi vlivy pov\u011btrnostn\u00edch podm\u00ednek. Nab\u00edz\u00edme profesion\u00e1ln\u00ed \u0159e\u0161en\u00ed\u00a0 n\u00e1t\u011br\u016f, le\u0161en\u00e1\u0159sk\u00fdch a v\u00fd\u0161kov\u00fdch prac\u00ed, trysk\u00e1n\u00ed, hydro\u010di\u0161t\u011bn\u00ed, prac\u00ed ve zt\u00ed\u017een\u00e9m pracovn\u00edm prost\u0159ed\u00ed, p\u0159\u00edpravn\u00fdch a dokon\u010dovac\u00edch prac\u00ed pro stavby, z\u00e1me\u010dnick\u00fdch, bourac\u00edch<\/p>\n","protected":false},"author":1,"featured_media":0,"parent":0,"menu_order":0,"comment_status":"closed","ping_status":"closed","template":"","meta":{"footnotes":""},"class_list":["post-139","page","type-page","status-publish","hentry"],"_links":{"self":[{"href":"https:\/\/www.colormont.cz\/index.php\/wp-json\/wp\/v2\/pages\/139","targetHints":{"allow":["GET"]}}],"collection":[{"href":"https:\/\/www.colormont.cz\/index.php\/wp-json\/wp\/v2\/pages"}],"about":[{"href":"https:\/\/www.colormont.cz\/index.php\/wp-json\/wp\/v2\/types\/page"}],"author":[{"embeddable":true,"href":"https:\/\/www.colormont.cz\/index.php\/wp-json\/wp\/v2\/users\/1"}],"replies":[{"embeddable":true,"href":"https:\/\/www.colormont.cz\/index.php\/wp-json\/wp\/v2\/comments?post=139"}],"version-history":[{"count":1,"href":"https:\/\/www.colormont.cz\/index.php\/wp-json\/wp\/v2\/pages\/139\/revisions"}],"predecessor-version":[{"id":141,"href":"https:\/\/www.colormont.cz\/index.php\/wp-json\/wp\/v2\/pages\/139\/revisions\/141"}],"wp:attachment":[{"href":"https:\/\/www.colormont.cz\/index.php\/wp-json\/wp\/v2\/media?parent=139"}],"curies":[{"name":"wp","href":"https:\/\/api.w.org\/{rel}","templated":true}]}}